42783.
3, 13, 1097
What are the prime factors of 95163?
3, 31721
What are the prime factors of 902676?
2, 3, 75223
What are the prime factors of 8089459?
7, 19, 8689
What are the prime factors of 210136?
2, 26267
List the prime factors of 2355461.
179, 13159
List the prime factors of 2786138.
2, 1393069
What are the prime factors of 123023?
43, 2861
List the prime factors of 346566.
2, 3, 11, 59, 89
List the prime factors of 23769180.
2, 3, 5, 44017
What are the prime factors of 2417911?
2417911
List the prime factors of 175640.
2, 5, 4391
What are the prime factors of 282403?
11, 25673
List the prime factors of 13830558.
2, 3, 7, 329299
What are the prime factors of 18560607?
3, 13, 71, 6703
List the prime factors of 4963800.
2, 3, 5, 8273
List the prime factors of 7040907.
3, 17, 2707
List the prime factors of 247643.
11, 47, 479
List the prime factors of 2705562.
2, 3, 19, 293
What are the prime factors of 431186?
2, 7, 19, 1621
What are the prime factors of 884211?
3, 47, 6271
List the prime factors of 3292849.
7, 17, 59, 67
List the prime factors of 24035575.
5, 23, 41801
What are the prime factors of 852847?
852847
List the prime factors of 9005215.
5, 643, 2801
List the prime factors of 83730.
2, 3, 5, 2791
What are the prime factors of 513509?
513509
What are the prime factors of 4528342?
2, 7, 13, 139, 179
What are the prime factors of 1280706?
2, 3, 7, 30493
What are the prime factors of 534881?
251, 2131
List the prime factors of 172734.
2, 3, 28789
What are the prime factors of 17398?
2, 8699
What are the prime factors of 2901001?
2901001
List the prime factors of 20605090.
2, 5, 11, 17029
List the prime factors of 55427.
43, 1289
List the prime factors of 40539.
3, 13513
List the prime factors of 25187.
89, 283
List the prime factors of 11899545.
3, 5, 7, 113329
List the prime factors of 26909744.
2, 43, 39113
List the prime factors of 7023726.
2, 3, 130069
What are the prime factors of 5149913?
5149913
What are the prime factors of 258236?
2, 11, 5869
List the prime factors of 133227.
3, 113, 131
List the prime factors of 257633.
53, 4861
List the prime factors of 3625431.
3, 137, 8821
List the prime factors of 14035.
5, 7, 401
List the prime factors of 131102.
2, 65551
What are the prime factors of 496696?
2, 47, 1321
What are the prime factors of 370236?
2, 3, 30853
What are the prime factors of 2991317?
7, 101, 4231
What are the prime factors of 12669020?
2, 5, 7, 13, 6961
List the prime factors of 323448.
2, 3, 13477
List the prime factors of 435235.
5, 61, 1427
What are the prime factors of 23798415?
3, 5, 29, 54709
List the prime factors of 2274062.
2, 7, 127, 1279
List the prime factors of 1449004.
2, 103, 3517
List the prime factors of 670784.
2, 47, 223
List the prime factors of 167599.
19, 8821
List the prime factors of 476449.
37, 79, 163
List the prime factors of 3138511.
23, 61, 2237
List the prime factors of 367959.
3, 122653
What are the prime factors of 648261?
3, 17, 19, 223
List the prime factors of 1171266.
2, 3, 17, 11483
What are the prime factors of 468837?
3, 113, 461
What are the prime factors of 16251?
3, 5417
List the prime factors of 302002.
2, 31, 4871
List the prime factors of 25512196.
2, 101, 63149
List the prime factors of 2351607.
3, 783869
What are the prime factors of 534635?
5, 23, 4649
What are the prime factors of 52008?
2, 3, 11, 197
What are the prime factors of 3226372?
2, 41, 103, 191
List the prime factors of 5907578.
2, 211, 13999
List the prime factors of 259520.
2, 5, 811
List the prime factors of 3414475.
5, 61, 2239
What are the prime factors of 2842957?
13, 29, 7541
What are the prime factors of 1079332?
2, 83, 3251
What are the prime factors of 44885?
5, 47, 191
List the prime factors of 287433.
3, 109, 293
List the prime factors of 5323911.
3, 1774637
What are the prime factors of 7559111?
7, 23, 29, 1619
What are the prime factors of 537221?
537221
List the prime factors of 4845407.
7, 29, 23869
What are the prime factors of 298549?
43, 53, 131
List the prime factors of 3011165.
5, 602233
What are the prime factors of 290535?
3, 5, 7, 2767
What are the prime factors of 88598?
2, 31, 1429
What are the prime factors of 23739371?
29, 47, 17417
List the prime factors of 718427.
718427
List the prime factors of 548073.
3, 53, 383
List the prime factors of 340060.
2, 5, 7, 347
List the prime factors of 766212.
2, 3, 67, 953
What are the prime factors of 12841199?
7, 23, 47, 1697
What are the prime factors of 249627?
3, 7, 11887
List the prime factors of 157125.
3, 5, 419
What are the prime factors of 566025?
3, 5, 7547
List the prime factors of 142683.
3, 199, 239
List the prime factors of 35401431.
3, 13, 29, 113, 277
What are the prime factors of 1212?
2, 3, 101
What are the prime factors of 492865?
5, 98573
What are the prime factors of 71009?
17, 4177
What are the prime factors of 241490?
2, 5, 19, 31, 41
List the prime factors of 4495135.
5, 181, 4967
List the prime factors of 8272835.
5, 1654567
List the prime factors of 2620295.
5, 17, 29, 1063
What are the prime factors of 383793?
3, 127931
What are the prime factors of 7541291?
47, 160453
List the prime factors of 116275.
5, 4651
What are the prime factors of 1577118?
2, 3, 262853
List the prime factors of 203403.
3, 67801
List the prime factors of 4182409.
7, 11, 29, 1873
List the prime factors of 938377.
11, 23, 3709
List the prime factors of 1659728.
2, 7, 29, 73
What are the prime factors of 692629?
7, 98947
What are the prime factors of 539410?
2, 5, 17, 19, 167
What are the prime factors of 42201?
3, 521
List the prime factors of 98683.
13, 7591
What are the prime factors of 63975?
3, 5, 853
What are the prime factors of 16444342?
2, 173, 47527
List the prime factors of 664424.
2, 23, 157
What are the prime factors of 266298?
2, 3, 44383
What are the prime factors of 3173678?
2, 23, 68993
What are the prime factors of 2096609?
1117, 1877
List the prime factors of 57426.
2, 3, 17, 563
What are the prime factors of 26896204?
2, 6724051
List the prime factors of 4357108.
2, 7, 61, 2551
List the prime factors of 4734712.
2, 317, 1867
What are the prime factors of 333436?
2, 31, 2689
What are the prime factors of 235508?
2, 7, 13, 647
List the prime factors of 476933.
509, 937
What are the prime factors of 9024128?
2, 70501
List the prime factors of 221479.
241, 919
What are the prime factors of 91213?
53, 1721
List the prime factors of 22943357.
22943357
List the prime factors of 350493.
3, 11, 13, 19, 43
List the prime factors of 928987.
751, 1237
What are the prime factors of 4049059?
7, 71, 8147
What are the prime factors of 2341212?
2, 3, 37, 5273
List the prime factors of 221935.
5, 7, 17, 373
List the prime factors of 125354.
2, 233, 269
List the prime factors of 546485.
5, 109297
List the prime factors of 1171759.
17, 68927
What are the prime factors of 83555?
5, 17, 983
List the prime factors of 155505.
3, 5, 7, 1481
What are the prime factors of 1859317?
67, 27751
What are the prime factors of 3403121?
29, 239, 491
What are the prime factors of 10435184?
2, 37, 17627
List the prime factors of 5657586.
2, 3, 11, 23, 3727
What are the prime factors of 721783?
721783
What are the prime factors of 2679463?
2679463
What are the prime factors of 1260986?
2, 630493
List the prime factors of 585686.
2, 97, 3019
What are the prime factors of 331508?
2, 179, 463
What are the prime factors of 820840?
2, 5, 20521
List the prime factors of 291644.
2, 72911
What are the prime factors of 25379?
41, 619
List the prime factors of 6858872.
2, 659, 1301
What are the prime factors of 180550?
2, 5, 23, 157
List the prime factors of 3730809.
3, 43, 28921
What are the prime factors of 7551592?
2, 139, 6791
List the prime factors of 4232914.
2, 7, 47, 919
What are the prime factors of 539886?
2, 3, 17, 67, 79
What are the prime factors of 1049069?
7, 149867
What are the prime factors of 896094?
2, 3, 49783
List the prime factors of 176432.
2, 11027
List the prime factors of 10126462.
2, 101, 50131
List the prime factors of 319428.
2, 3, 19, 467
What are the prime factors of 569309?
13, 43793
List the prime factors of 2428766.
2, 773, 1571
What are the prime factors of 251773?
79, 3187
What are the prime factors of 9261821?
17, 544813